visor of 1392 and 5394.
174
Calculate the highest common factor of 1722825 and 285.
285
Calculate the highest common factor of 11534 and 120304.
146
What is the greatest common factor of 5 and 272?
1
What is the highest common factor of 408 and 660?
12
Calculate the greatest common factor of 366 and 25132.
122
What is the highest common factor of 4927 and 1599?
13
Calculate the highest common factor of 7452 and 16974.
414
What is the highest common divisor of 61988 and 36?
4
What is the highest common factor of 93399 and 4584?
573
Calculate the greatest common factor of 935 and 181220.
85
What is the greatest common divisor of 5670 and 9765?
315
Calculate the greatest common factor of 33138 and 15246.
126
Calculate the greatest common divisor of 2015 and 9765.
155
What is the greatest common factor of 106615 and 5?
5
Calculate the highest common factor of 76976 and 4688.
16
What is the greatest common factor of 34804 and 38654?
154
What is the greatest common divisor of 149891 and 784?
49
What is the greatest common divisor of 1867855 and 55?
55
Calculate the greatest common divisor of 68 and 143480.
68
What is the highest common factor of 906 and 464476?
302
What is the greatest common divisor of 4816 and 208?
16
Calculate the greatest common divisor of 52633 and 146.
73
Calculate the greatest common divisor of 26 and 73411.
13
What is the greatest common divisor of 69923 and 2009?
49
Calculate the highest common divisor of 2275 and 11425.
25
What is the highest common divisor of 363 and 54813?
363
Calculate the highest common divisor of 226135 and 1420.
355
What is the highest common factor of 1175 and 1475?
25
What is the greatest common factor of 2780 and 221288?
556
What is the greatest common factor of 4026 and 72?
6
Calculate the highest common factor of 55128 and 12.
12
Calculate the highest common divisor of 7296 and 168.
24
Calculate the highest common divisor of 12 and 5728500.
12
Calculate the highest common divisor of 1830 and 29160.
30
Calculate the greatest common factor of 555768 and 6308.
332
Calculate the greatest common factor of 147 and 201831.
147
Calculate the highest common divisor of 7500 and 24.
12
Calculate the greatest common factor of 216 and 36396.
108
What is the greatest common factor of 1743 and 1169?
7
What is the highest common factor of 206973 and 57889?
793
What is the greatest common factor of 336 and 85302?
42
Calculate the greatest common factor of 15 and 83010.
15
What is the highest common factor of 6468 and 39200?
196
Calculate the greatest common factor of 110 and 11066.
22
What is the highest common divisor of 77283 and 2511?
279
What is the greatest common factor of 1568 and 88?
8
What is the greatest common factor of 118198 and 226?
226
Calculate the greatest common divisor of 25 and 2849725.
25
Calculate the highest common divisor of 42 and 388038.
42
What is the highest common divisor of 6 and 116598?
6
Calculate the highest common factor of 66788 and 6844.
236
Calculate the highest common factor of 7181 and 835.
167
What is the highest common factor of 762644 and 185?
37
What is the highest common divisor of 425210 and 1515?
505
What is the greatest common divisor of 8835 and 7998?
93
What is the highest common divisor of 22 and 4873?
11
Calculate the greatest common factor of 3936 and 7600.
16
What is the greatest common divisor of 12878 and 4606?
94
Calculate the highest common divisor of 377986 and 609.
203
What is the highest common factor of 139 and 118567?
139
What is the highest common divisor of 101071 and 1219?
53
What is the greatest common factor of 34650 and 10857?
231
Calculate the greatest common divisor of 32296 and 8888.
88
What is the highest common factor of 99 and 41319?
9
What is the highest common factor of 8 and 12379?
1
What is the greatest common divisor of 85 and 10574?
17
Calculate the highest common factor of 5 and 772715.
5
Calculate the highest common divisor of 7715 and 3130747.
1543
What is the highest common factor of 4940 and 2945?
95
Calculate the highest common factor of 203136 and 1152.
384
What is the greatest common factor of 1228496 and 16?
16
What is the greatest common factor of 8226 and 18?
18
What is the highest common divisor of 17313820 and 170?
170
Calculate the greatest common divisor of 70896 and 119.
7
What is the greatest common divisor of 4928 and 205688?
56
What is the greatest common factor of 210675 and 17967?
159
Calculate the greatest common divisor of 4914 and 99684.
702
Calculate the greatest common divisor of 813 and 7859.
271
What is the highest common divisor of 24 and 34984?
8
Calculate the highest common factor of 13 and 78884.
13
What is the greatest common divisor of 5 and 1153715?
5
What is the highest common divisor of 1155 and 826595?
385
Calculate the highest common factor of 418 and 3171518.
38
Calculate the highest common factor of 100 and 1637330.
10
What is the highest common divisor of 63893 and 905?
181
Calculate the greatest common divisor of 464 and 825224.
232
Calculate the highest common factor of 1904 and 12019.
119
Calculate the greatest common divisor of 21 and 19733.
7
Calculate the highest common divisor of 14550 and 112326.
582
Calculate the highest common factor of 310266 and 198.
198
Calculate the greatest common divisor of 598 and 1027.
13
What is the greatest common divisor of 18 and 927045?
9
What is the greatest common factor of 988 and 78033?
19
Calculate the greatest common factor of 425 and 372425.
25
Calculate the highest common factor of 71936 and 3934.
562
What is the highest common divisor of 117377 and 26?
13
What is the highest common divisor of 14092 and 260?
52
Calculate the highest common factor of 2140 and 1600.
20
What is the highest common factor of 2225 and 135?
5
What is the highest common factor of 5808588 and 424?
212
What is the highest common divisor of 91 and 70733?
13
Calculate the greatest common divisor of 1225825 and 25.
25
What is the highest common factor of 23232 and 19723?
121
Calculate the highest common divisor of 5143 and 8251.
37
What is the greatest common divisor of 8550 and 19?
19
What is the greatest common factor of 7 and 84791?
7
What is the greatest common factor of 496 and 4464496?
496
Calculate the greatest common divisor of 585 and 515853.
117
What is the highest common factor of 104 and 102536?
8
What is the highest common divisor of 5905 and 745?
5
Calculate the highest common factor of 24 and 15576.
24
What is the highest common divisor of 222 and 38739?
111
What is the highest common divisor of 1728 and 6159456?
864
Calculate the highest common divisor of 348 and 684429.
87
What is the highest common divisor of 44397 and 45?
9
What is the greatest common divisor of 4498 and 82867?
173
What is the greatest common factor of 637 and 302029?
91
What is the highest common factor of 553 and 617701?
553
What is the highest common divisor of 52776 and 1008?
72
What is the highest common divisor of 258181 and 7007?
539
Calculate the greatest common factor of 568 and 18957.
71
Calculate the greatest common factor of 801 and 2376.
9
Calculate the greatest common factor of 5566 and 20240.
506
What is the greatest common divisor of 2199500 and 1328?
332
Calculate the highest common divisor of 441 and 223685.
49
What is the highest common factor of 81925 and 2755?
145
What is the highest common divisor of 46085 and 13?
13
Calculate the highest common divisor of 6594 and 595344.
942
Calculate the highest common divisor of 2464 and 17611.
11
What is the highest common factor of 2182 and 5710294?
2182
What is the highest common factor of 37750 and 302?
302
What is the highest common divisor of 43676 and 13604?
716
What is the highest common factor of 119 and 562853?
17
Calculate the highest common factor of 876911 and 1071.
119
What is the greatest common divisor of 180684 and 16?
4
What is the highest common divisor of 26963 and 7729?
59
Calculate the highest common divisor of 14091 and 294.
21
What is the greatest common divisor of 221229 and 1269?
423
What is the greatest common factor of 14900 and 244?
4
What is the highest common factor of 6 and 52932?
6
What is the highest common divisor of 84 and 60708?
12
Calculate the greatest common factor of 235597 and 129.
43